on divisor of 108 and b.
54
Suppose 248 = p + 3*s + 228, 5*p = 4*s - 14. What is the highest common divisor of p and 601?
1
Let v be (1 + -2)/((1 + 2)/(-39)). Suppose -4*t = -4*o + 36, 26 + 17 = 2*o + 3*t. Suppose -v*j = -o*j + 26. Calculate the greatest common factor of j and 104.
26
Let g(m) = 7*m**2 + 16*m - 16. Let v be g(1). What is the highest common divisor of v and 2072?
7
Let d = 77 - 35. Let z = -41 + d. Let a be (76 - -14)/(z + 0). What is the highest common divisor of a and 30?
30
Let k be 1080/(-144) - (-1)/(-2). Let h be k/(-2)*230 + (-34 - -29). What is the greatest common divisor of h and 15?
15
Suppose -27*r = 4*j - 26*r - 71, 3*j = r + 55. Let t be j/(-4)*(-400)/75. What is the greatest common divisor of t and 24?
24
Suppose -11*s - 47 + 179 = 0. Let b(g) = -g**2 + 16*g + 3. Let u be b(s). Let t be (-21)/28 - (-2)/(-8)*-15. Calculate the highest common divisor of u and t.
3
Let q be (7 + -13)*14*3/6. Let g be (-20)/((-12)/(q/(-7))). Calculate the highest common divisor of g and 410.
10
Let j(a) = 19*a - 1173. Let z be j(63). Suppose 2*w + 2*p - 928 = -0*w, 0 = 5*w - 3*p - 2352. What is the greatest common divisor of w and z?
12
Let i be ((-6)/4)/((-3)/174). Suppose q - 13 = 4*x, 0 = 70*q - 65*q - 2*x - 137. Calculate the greatest common factor of q and i.
29
Suppose 0 = -164*a + 165*a, -720 = -2*y + 3*a. Calculate the greatest common factor of 165 and y.
15
Suppose 0 = -2*f + 6*f - 20. Let w be ((2 - 0) + -6)*3627/(-18). Suppose -459 - w = -f*o. Calculate the greatest common factor of o and 23.
23
Suppose -6*t = -3*t + 2*g - 53, -19 = -t - g. Suppose -t = -2*j + 17. Calculate the highest common divisor of 80 and j.
16
Let r be 8 - 110/15 - 17038/(-21). What is the highest common divisor of 140 and r?
28
Let w = -86 + 141. Suppose -3*f + 51441 = -3*k, 15*k = 18*k - 6. Let d be (-2)/(-10) + f/w. Calculate the highest common factor of d and 39.
39
Let y(p) = p + 71. Let c be y(-6). Let q(i) = 14*i**2 + 4*i - 73. Let o be q(6). What is the highest common factor of o and c?
65
Let o(s) = 410*s - 295. Let l be o(8). What is the highest common divisor of 1592 and l?
199
Let a = 27376 + -27374. Calculate the highest common divisor of 3778 and a.
2
Let b be ((-6)/7*168/(-32))/((-4)/(-704)). What is the highest common divisor of 336 and b?
24
Let f = -400 - 251. Let a = -367 - f. What is the greatest common factor of a and 71?
71
Let y(w) = 144*w + 1162. Let r be y(20). Calculate the greatest common factor of r and 658.
94
Let t be 817/21 + 4122/(-378) + 11. Let d be -13*(6/3 + -3). Calculate the highest common divisor of d and t.
13
Let p be 5/(0 - 50/(-40)). Suppose 20 = 4*r, -p*r - 641 = -2*h - 3*r. What is the highest common factor of h and 34?
17
Suppose 16*r - 2787 + 1907 = 0. Calculate the highest common divisor of r and 475.
5
Let h = 817 + -423. Let m = 430 - h. Let n = 17 + -8. Calculate the highest common divisor of m and n.
9
Let f(v) = -v**3 + 9*v**2 + 5. Let j be f(9). Suppose 7*i = -9*i + 592. Suppose -i = -g + 8. Calculate the highest common divisor of g and j.
5
Let j(g) = -3*g**3 - 3*g**2 + 50*g - 79. Let s be j(-24). Calculate the highest common factor of s and 245.
245
Let y = -60 - -200. Let b be ((-1554)/35)/((-8)/y). Calculate the highest common divisor of b and 21.
21
Let k(o) = -o**2 - 9*o + 56. Let m be k(-13). Suppose -3*a - 2*u + 153 = -21, m*a = -4*u + 228. Calculate the highest common divisor of a and 132.
12
Let k be 4/30 + 365/75. Let a(z) = 5 - 557*z + k*z**2 - 3 + 558*z. Let r be a(2). What is the greatest common divisor of 3 and r?
3
Let y be (-54)/(-36)*(28 + -6) - (1 + -4). Calculate the highest common divisor of 3888 and y.
36
Let h be ((-115)/25 - -3)/((-24)/5340). Calculate the highest common divisor of 4450 and h.
178
Let l be ((-5)/(-10) + (-3)/12)*28. Let n be (3 + -2)*(l + -3). Suppose k = -k - n*q + 52, 5*k = q + 75. What is the highest common divisor of 40 and k?
8
Let l = -144 + 147. Suppose 46 = 3*q - l*r - 23, -2*r = -3*q + 70. Let j = 544 - 376. Calculate the greatest common factor of q and j.
24
Suppose -29*i + 2080 = -9*i. Calculate the highest common factor of 128 and i.
8
Suppose -7*q + 2*s + 32 = -5*q, -60 = -4*q + 2*s. Let j be 456/q*(2 + (-12)/(-8)). Calculate the highest common factor of 285 and j.
57
Suppose -2*q + 398 = 3*s, 0*q + 3*q - 604 = -s. What is the greatest common divisor of 12726 and q?
202
Let i(x) = x**3 + 4*x**2 - 8*x - 11. Let r be i(-5). Let g be (-1 - (4 + -6))*76/r. Calculate the highest common factor of 19 and g.
19
Let y(h) = -122*h + 2081. Let u be y(17). Calculate the greatest common divisor of u and 5033.
7
Let y be 1*-3 - (8 - 15). Suppose y*k + 26*k = 780. What is the highest common factor of 611 and k?
13
Let b be (3 + (-198)/88)/(1/1892). What is the greatest common divisor of b and 1155?
33
Suppose -t - 2*x + 4*x - 12 = 0, 5*x + 15 = 0. Let q = t + 30. Let a be (6 - 7)/(650/(-216) - -3). Calculate the greatest common factor of a and q.
12
Let x = 7380 - 7362. Calculate the greatest common factor of x and 336.
6
Let a(x) = 3*x**3 + 12*x**2 - 8*x - 11. Let j be a(5). What is the greatest common factor of 2340 and j?
156
Let a = -60 - -70. Suppose 0*x = -a*x - 20. Let t be 2/4*(x + 22). What is the greatest common factor of 60 and t?
10
Suppose 9175*z = 9050*z + 375. Let l(a) = 7*a + 5. Let h be l(4). What is the greatest common divisor of z and h?
3
Suppose -3*x = -3*q + 51, 4*q + 23 - 91 = 5*x. What is the highest common factor of q and 901?
17
Let h = -100 - -105. Suppose l = h*m - l - 28, -l = -3*m + 17. What is the highest common factor of m and 48?
6
Let x be 29*((57/5 - (-128)/(-320)) + -10). Suppose -2*k + 7*k = 145. What is the greatest common factor of x and k?
29
Let f be ((-3288)/168)/((-2)/98). What is the highest common factor of 14 and f?
7
Suppose 8*q - 3*q - 5*i = -395, 3*q - 4*i = -241. Let a = q - -155. Suppose 10*h - 110 - 90 = 0. What is the highest common factor of h and a?
20
Let o(i) = -i**3 + 6*i**2 - 2*i. Let d = 71 + -57. Suppose 0 = k - 3*q - 10 - 3, 5*k = -2*q + d. Let c be o(k). Calculate the highest common factor of 56 and c.
8
Let t = 343 - -49. Let f(r) = -r**3 - 2*r**2 + 6*r + 3. Let z be f(2). Let g be 334/6 - z/3. What is the highest common divisor of t and g?
56
Let n = 6 + -1. Suppose -3*d - 123 = -3*k + 195, -d - 1 = 0. Calculate the highest common factor of n and k.
5
Let w be (-24)/132 - -6*9/(-66). Let z be 0/(5/w + 2) - -88. What is the greatest common divisor of 77 and z?
11
Suppose -756*h - 10880 = -790*h. What is the greatest common divisor of h and 70?
10
Let s = -4776 + 7000. What is the greatest common divisor of 139 and s?
139
Let d be (-3784)/(-172) + 1*-1. What is the greatest common factor of 1085 and d?
7
Let u(v) = 4*v**2 - 95*v - 295. Let t be u(-3). Calculate the greatest common factor of t and 143.
13
Let n = 74 + 111. Let h be 4775/150 - 1/(-6). Suppose 5*m - 34*d - 362 = -h*d, 2*m - 3*d - 136 = 0. What is the greatest common factor of m and n?
37
Suppose 33 = -3*s + 4*s. Let o = s - 28. Suppose 55*z - 1817 = 658. What is the greatest common factor of z and o?
5
Let j = -97 - -102. Suppose s + 286 + 328 = 3*q, j*q + 4*s = 1029. Calculate the highest common divisor of q and 123.
41
Suppose 0 = q - 174*z + 170*z, -3*q + z = -44. Calculate the greatest common divisor of 428 and q.
4
Suppose 4*o - 35*g - 2422 = -33*g, 2*g = -4*o + 2402. Calculate the greatest common divisor of o and 162.
9
Suppose 2*i - 170 = -2*m, 0 = 5*i - 6*i - 5*m + 61. What is the highest common divisor of 65 and i?
13
Let u be (-2)/((-16)/2086) + -3*35/140. What is the greatest common divisor of 180 and u?
20
Let c = -105 - -341. Suppose -20 = -2*o + 3*s, 4*o + 152*s - 28 = 155*s. What is the highest common divisor of c and o?
4
Suppose 2 = m - 4*h - 50, 4*h = 3*m - 148. Suppose -6*k - 525 = -189. Let c be (357/k)/(-17) + (-1917)/(-8). Calculate the highest common divisor of m and c.
48
Let t = 18602 - 18259. What is the greatest common factor of 1813 and t?
49
Let l(w) = 13 - 30 + 34 + 8*w**2 - 5*w. Let r be l(8). Suppose n = -4*b + r + 482, -3*n = 3*b - 735. What is the highest common divisor of b and 22?
22
Suppose 2*k - 4 = -s + 23, 4*k + 45 = s. Let g be (-154)/s*60/(-5). What is the greatest common factor of 72 and